MONTHLY CLIMATOLOGICAL SUMMARY for JAN. 2014

NAME: Hasslösa   CITY: Vinninga STATE: Sweden
ELEV: 269 LAT: 058:24:30 LONG: -013:16:35

                            TEMPERATURE ( °C), RAIN (mm), WIND SPEED (m/s)

                                               HEAT     COOL           AVG
      MEAN                                     DEG      DEG            WIND                       DOM
DAY   TEMP    HIGH   TIME     LOW    TIME      DAYS     DAYS    RAIN   SPEED    HIGH    TIME      DIR
----------------------------------------------------------------------------------------------------------------------------------------------------------
01    02.3    03.8   00:10    00.8   05:36     16.0     00.0    00.0   02.9     09.8    12:37      SE
02    03.3    04.8   14:06    01.4   05:20     15.0     00.0    16.5   04.1     14.9    13:55     ESE
03    04.2    05.3   21:56    02.6   02:25     14.1     00.0    02.0   03.4     13.4    19:16      SE
04    04.5    05.5   01:28    02.2   23:30     13.8     00.0    02.2   03.1     11.8    12:48      S 
05    03.2    05.1   13:08    02.1   02:13     15.1     00.0    02.4   02.3     11.8    05:33      E 
06    03.7    06.4   00:00    01.4   08:27     14.6     00.0    04.1   03.1     17.0    13:42     SSE
07    07.0    07.6   14:44    05.4   00:00     11.3     00.0    05.1   03.4     12.9    14:08      S 
08    05.8    06.6   15:00    04.2   01:46     12.5     00.0    07.1   04.5     12.4    16:10     SSW
09    03.9    06.1   02:49   -00.1   19:27     14.4     00.0    19.1   03.3     11.3    16:38      S 
10    00.4    02.1   00:00   -01.1   19:17     17.9     00.0    09.6   01.4     15.4    02:29     NNW
11    02.7    05.1   12:20   -01.6   00:00     15.6     00.0    01.4   02.0     10.3    06:04      SW
12   -05.7   -01.5   00:17   -11.3   00:00     24.0     00.0    00.0   01.5     10.3    11:28     NNW
13   -09.0   -05.9   00:00   -14.5   07:31     27.3     00.0    00.0   01.0     10.3    21:35     ENE
14   -03.2   -02.1   15:06   -05.9   00:23     21.5     00.0    00.0   03.1     10.8    02:50     ENE
15   -03.0   -02.3   12:49   -03.5   06:38     21.3     00.0    00.0   02.7     08.7    07:45     ENE
16   -03.1   -01.8   06:02   -03.9   18:13     21.4     00.0    00.0   05.2     19.6    22:53     ENE
17   -04.0   -03.4   11:58   -04.8   23:48     22.3     00.0    00.0   06.6     21.6    02:16     ENE
18   -04.0   -02.7   11:43   -04.8   01:55     22.3     00.0    00.0   04.8     17.0    20:11     ENE
19   -03.9   -03.0   11:32   -04.9   21:19     22.2     00.0    00.0   05.7     17.5    16:55     ENE
20   -05.0   -03.2   12:28   -06.4   23:44     23.3     00.0    00.0   03.4     16.0    05:53     ENE
21   -05.7   -02.9   13:36   -08.1   03:03     24.0     00.0    00.0   02.1     12.4    11:32      NE
22   -04.7   -03.8   01:37   -05.4   23:45     23.0     00.0    00.0   03.5     13.9    05:07     ENE
23   -06.2   -05.4   03:12   -08.1   09:37     24.5     00.0    00.0   02.2     10.3    16:41     ENE
24   -06.1   -04.9   13:20   -08.1   21:54     24.4     00.0    00.0   03.2     10.8    01:37     ESE
25   -07.6   -05.2   13:32   -12.9   03:53     25.9     00.0    00.0   03.1     12.4    19:13     ESE
26   -05.7   -03.5   23:37   -09.6   06:53     24.0     00.0    00.0   03.2     12.4    23:52      E 
27   -03.3   -01.8   00:00   -04.5   07:09     21.6     00.0    00.0   05.9     18.0    15:45      E 
28   -01.7   -00.9   19:51   -02.6   22:25     20.0     00.0    00.0   04.8     17.0    23:36      E 
29   -04.2   -02.2   00:03   -05.7   23:35     22.5     00.0    00.0   05.8     20.1    10:26     ENE
30   -04.6   -03.3   12:29   -05.7   01:48     22.9     00.0    00.0   03.0     11.8    13:09      E 
31   -04.6   -03.9   15:44   -05.1   01:38     22.9     00.0    00.0   02.4     13.4    15:06     ENE
----------------------------------------------------------------------------------------------------------------------------------------------------------
-1.8 (-2.0)   07.6  day 07    -14.5  day 13   621.6    000.0   069.6   03.4     21.6   day 29      E 
Max <=   0: 20
Min <=   30: 31
Max <=  -5: 3
Min <=  -5: 13
Min <= -10: 3
Max Rain: 19.1 ON 9-01-14
Days of Rain: 10 (> .2mm) 8 (> 2mm) 0 (> 20mm)