MONTHLY CLIMATOLOGICAL SUMMARY for MAR. 2016

NAME: Hasslösa   CITY: Vinninga STATE: Sweden
ELEV: 269 LAT: 058:24:30 LONG: -013:16:35

                            TEMPERATURE ( °C), RAIN (mm), WIND SPEED (m/s)

                                               HEAT     COOL           AVG
      MEAN                                     DEG      DEG            WIND                       DOM
DAY   TEMP    HIGH   TIME     LOW    TIME      DAYS     DAYS    RAIN   SPEED    HIGH    TIME      DIR
----------------------------------------------------------------------------------------------------------------------------------------------------------
01   -03.5   -00.1   17:24   -08.9   07:20     21.8     00.0    00.0   01.3     11.3    21:47     ESE
02   -00.4    00.8   14:40   -01.6   01:06     18.7     00.0    03.1   04.6     15.4    22:02      E 
03    01.5    04.3   14:05   -02.1   21:08     16.8     00.0    00.0   02.6     14.9    00:05      SE
04    00.2    01.7   16:10   -01.0   06:46     18.1     00.0    06.5   01.5     10.3    12:13      SE
05    00.5    02.7   13:22   -02.8   06:55     17.8     00.0    00.0   03.4     13.9    22:20     ENE
06   -00.5    01.6   11:40   -01.8   19:45     18.8     00.0    03.1   03.0     11.3    00:42      NE
07   -00.2    02.7   11:20   -01.6   01:44     18.5     00.0    10.2   02.2     10.8    04:18     ESE
08    00.1    02.1   11:44   -01.4   19:13     18.2     00.0    02.8   01.9     07.7    08:51      S 
09   -00.5    07.8   13:04   -06.0   23:05     18.8     00.0    00.0   01.5     08.7    09:10     SSE
10   -02.2    09.1   14:19   -10.3   05:32     20.5     00.0    00.0   00.7     07.2    11:45      NE
11   -02.3    09.1   14:22   -09.8   03:23     20.6     00.0    00.0   00.0     04.1    19:40      SW
12    00.7    03.1   14:10   -03.2   00:01     17.6     00.0    00.0   00.7     06.2    10:42     SSW
13    00.7    01.3   17:19    00.0   07:00     17.6     00.0    00.0   02.6     11.3    09:21     SSW
14    01.2    06.0   14:12   -02.2   21:45     17.1     00.0    00.0   00.7     05.1    08:48     SSW
15    03.6    10.0   12:19   -02.3   00:55     14.7     00.0    00.0   00.6     07.2    08:05      N 
16    03.0    13.2   15:13   -02.4   01:58     15.3     00.0    00.0   02.2     08.7    16:37     SSW
17    02.4    04.6   15:17    00.9   00:00     15.9     00.0    00.0   03.0     10.8    14:34      SW
18    02.5    08.6   14:07   -02.3   06:51     15.8     00.0    00.0   02.1     10.8    14:38      NW
19    03.8    10.5   14:13   -02.6   04:35     14.5     00.0    00.0   02.2     15.4    14:46     WSW
20    04.3    11.2   14:11   -02.0   05:44     14.0     00.0    00.0   01.6     08.7    17:37     WSW
21    02.7    09.6   14:17   -03.9   05:31     15.6     00.0    00.0   01.0     08.7    15:38      W 
22    03.2    11.7   13:32   -03.9   04:44     15.1     00.0    00.0   00.6     08.7    22:44      SW
23    02.2    06.9   11:58   -04.4   23:43     16.1     00.0    00.0   02.1     12.9    08:34     NNW
24    01.9    07.4   11:29   -05.3   05:39     16.4     00.0    00.2   02.7     15.4    18:07     SSW
25    03.8    06.4   14:17   -00.9   23:58     14.5     00.0    02.6   03.1     13.4    14:27      S 
26    03.9    09.6   15:41   -01.8   05:23     14.4     00.0    00.0   03.3     16.0    13:17      S 
27    05.7    12.3   13:48    02.3   23:51     12.6     00.0    03.5   04.7     19.6    08:39     SSE
28    07.3    12.1   14:45    02.3   00:18     11.0     00.0    00.0   05.2     19.6    17:56      SE
29    06.3    10.1   13:23    03.5   22:04     12.0     00.0    00.4   04.4     18.5    17:52     SSE
30    04.9    09.1   17:16    02.3   00:00     13.4     00.0    00.4   03.4     13.4    09:14     SSW
31    03.1    08.9   14:39   -01.1   02:47     15.2     00.0    00.2   03.5     14.4    15:05      SW
----------------------------------------------------------------------------------------------------------------------------------------------------------
01.9 (2.3)   13.2  day 16    -10.3  day 10   507.6    000.0   033.0   02.3     19.6   day 29      S 
Max <=   0: 1
Min <=   30: 31
Min <=  -5: 5
Min <= -10: 1
Max Rain: 10.2 ON 7-03-16
Days of Rain: 9 (> .2mm) 7 (> 2mm) 0 (> 20mm)