MONTHLY CLIMATOLOGICAL SUMMARY for JUN. 2016

NAME: Hasslösa   CITY: Vinninga STATE: Sweden
ELEV: 269 LAT: 058:24:30 LONG: -013:16:35

                            TEMPERATURE ( °C), RAIN (mm), WIND SPEED (m/s)

                                               HEAT     COOL           AVG
      MEAN                                     DEG      DEG            WIND                       DOM
DAY   TEMP    HIGH   TIME     LOW    TIME      DAYS     DAYS    RAIN   SPEED    HIGH    TIME      DIR
----------------------------------------------------------------------------------------------------------------------------------------------------------
01    19.7    26.6   15:22    13.2   04:03     00.0     01.4    00.0   01.2     08.7    16:51      NE
02    20.6    27.3   15:38    13.5   23:52     00.0     02.3    00.0   02.1     14.9    13:47     ENE
03    19.9    27.6   16:19    09.6   04:28     00.0     01.6    00.0   00.4     05.7    15:42      N 
04    16.1    22.2   13:59    07.4   00:00     02.2     00.0    00.0   01.3     10.3    09:22     NNE
05    13.4    18.9   13:48    04.8   05:00     04.9     00.0    00.0   01.2     08.7    15:31      N 
06    15.2    23.4   19:02    06.3   04:02     03.1     00.0    00.0   01.7     12.9    08:05     SSE
07    16.5    23.1   16:04    09.8   02:31     01.8     00.0    00.0   02.9     13.4    11:44     SSW
08    12.8    16.8   14:09    04.7   23:52     05.5     00.0    00.0   02.1     15.4    11:00     NNW
09    11.1    19.2   16:25    01.1   04:17     07.2     00.0    00.0   00.7     05.7    08:10     NNE
10    10.6    14.9   15:28    06.6   00:00     07.7     00.0    05.7   02.0     12.9    11:03      N 
11    10.3    16.8   15:50    02.6   03:28     08.0     00.0    00.0   01.2     08.7    08:54      N 
12    12.0    19.9   15:26    01.9   04:31     06.3     00.0    00.0   00.8     08.7    12:57     NNE
13    13.3    21.8   16:28    03.3   04:30     05.0     00.0    00.0   00.9     07.2    18:58     ENE
14    14.6    20.8   13:07    04.9   01:50     03.7     00.0    00.0   02.7     13.9    13:01      E 
15    14.2    20.6   17:39    10.8   07:34     04.1     00.0    09.2   01.9     16.0    18:40     ENE
16    15.8    22.1   11:25    07.1   04:31     02.5     00.0    00.0   00.9     07.7    14:15     NNE
17    17.3    23.2   12:53    12.2   05:11     01.0     00.0    00.0   01.5     07.7    16:47     WSW
18    15.8    21.0   12:37    13.3   00:00     02.5     00.0    03.1   02.7     14.4    14:22      SW
19    13.1    14.9   13:47    10.9   00:00     05.2     00.0    00.0   03.8     12.9    19:46     SSW
20    13.2    18.8   14:56    08.4   05:03     05.1     00.0    00.8   02.6     11.3    13:50      S 
21    15.2    22.0   15:52    11.1   23:46     03.1     00.0    06.9   02.9     11.8    02:35     SSW
22    15.1    23.6   14:10    09.6   04:47     03.2     00.0    00.2   02.5     12.9    15:29     SSW
23    16.6    21.1   13:05    13.4   03:42     01.7     00.0    11.0   01.8     10.8    10:36     SSW
24    19.8    25.8   14:53    15.2   00:23     00.0     01.5    00.0   01.4     10.8    19:49     SSE
25    18.9    25.2   15:03    14.6   04:46     00.0     00.6    00.0   01.5     07.7    06:39      W 
26    17.9    24.7   12:34    10.9   23:58     00.4     00.0    07.1   02.6     15.4    15:04      S 
27    14.3    18.5   11:06    09.8   03:38     04.0     00.0    00.2   03.1     17.5    12:05      S 
28    14.7    19.8   15:09    08.9   00:00     03.6     00.0    00.0   03.6     14.9    11:21      SW
29    14.1    20.3   14:24    07.1   03:46     04.2     00.0    00.0   01.8     08.7    16:48     ESE
30    13.9    17.2   13:27    10.9   04:49     04.4     00.0    06.5   02.7     14.4    15:51     SSE
----------------------------------------------------------------------------------------------------------------------------------------------------------
15.2 (15.0)   27.6  day 03     01.1  day 09   100.2    007.3   050.7   02.0     17.5   day 27      S 
Min <=   30: 30
Max Rain: 11.0 ON 23-06-16
Days of Rain: 9 (> .2mm) 8 (> 2mm) 0 (> 20mm)