MONTHLY CLIMATOLOGICAL SUMMARY for SEP. 2016

NAME: Hasslösa   CITY: Vinninga STATE: Sweden
ELEV: 269 LAT: 058:24:30 LONG: -013:16:35

                            TEMPERATURE ( °C), RAIN (mm), WIND SPEED (m/s)

                                               HEAT     COOL           AVG
      MEAN                                     DEG      DEG            WIND                       DOM
DAY   TEMP    HIGH   TIME     LOW    TIME      DAYS     DAYS    RAIN   SPEED    HIGH    TIME      DIR
----------------------------------------------------------------------------------------------------------------------------------------------------------
01    15.2    20.3   15:07    11.9   23:01     03.1     00.0    00.0   04.2     15.4    13:33      SW
02    14.0    17.5   09:46    11.7   02:04     04.3     00.0    03.9   03.8     14.9    17:54     SSW
03    14.8    19.7   15:12    10.8   22:43     03.5     00.0    00.0   03.8     15.4    18:14      SW
04    13.5    20.8   13:31    06.8   23:59     04.8     00.0    00.0   01.4     07.2    13:47     NNW
05    11.6    19.0   14:01    04.6   05:41     06.7     00.0    00.0   00.8     08.2    14:53     NNE
06    14.5    21.8   15:26    06.5   03:37     03.8     00.0    00.0   04.0     17.0    16:35     SSW
07    18.5    22.9   15:32    16.5   03:44     00.0     00.2    00.0   04.5     15.4    00:31      SW
08    19.0    23.5   16:28    16.8   23:09     00.0     00.7    00.0   01.4     05.7    01:21     SSE
09    16.1    21.1   16:28    11.5   23:24     02.2     00.0    00.0   02.5     09.3    13:37      S 
10    15.6    21.8   16:17    10.6   01:58     02.7     00.0    00.0   02.5     12.9    12:56     SSE
11    15.5    19.8   13:46    10.2   23:40     02.8     00.0    00.2   04.1     18.0    09:00     SSW
12    13.8    21.2   15:17    06.7   03:03     04.5     00.0    00.0   01.6     08.7    13:36      S 
13    17.6    25.5   15:14    10.4   06:38     00.7     00.0    00.0   00.9     07.7    16:05     ESE
14    18.7    26.8   15:18    13.8   06:27     00.0     00.4    00.0   00.4     06.7    15:27      NW
15    18.7    27.7   14:31    12.5   06:58     00.0     00.4    00.0   00.9     08.2    12:57      N 
16    15.7    21.8   14:49    10.1   23:50     02.6     00.0    00.0   02.4     11.8    07:00     ENE
17    11.1    18.1   13:48    04.1   05:47     07.2     00.0    00.0   01.0     08.7    10:40     NNE
18    12.5    20.0   14:37    07.6   00:21     05.8     00.0    00.0   00.3     05.1    15:48      N 
19    13.1    21.3   14:35    07.6   00:00     05.2     00.0    00.0   00.4     05.7    13:28      NW
20    13.1    19.2   15:51    06.6   01:53     05.2     00.0    00.0   00.3     05.1    16:32     NNE
21    13.8    20.0   15:20    08.7   21:46     04.5     00.0    00.0   01.0     07.2    16:10     ENE
22    11.3    18.9   15:20    04.8   05:57     07.0     00.0    00.0   00.0     04.1    16:02     ENE
23    12.0    18.6   14:21    06.7   07:15     06.3     00.0    03.7   01.8     17.0    16:12     SSW
24    11.0    19.0   13:48    03.4   06:53     07.3     00.0    00.0   01.9     10.8    16:16     SSW
25    13.6    19.7   13:53    09.4   02:06     04.7     00.0    00.0   02.4     10.8    12:13     SSE
26    13.7    19.8   14:42    09.8   05:55     04.6     00.0    00.0   02.0     10.8    03:05      S 
27    13.7    17.3   16:12    11.8   07:54     04.6     00.0    00.0   01.7     17.0    23:42      S 
28    12.5    14.7   00:03    10.9   23:56     05.8     00.0    09.0   04.7     32.4    01:27     SSW
29    13.4    17.4   12:50    10.3   23:15     04.9     00.0    05.3   06.8     22.1    22:47     SSW
30    10.9    15.7   12:03    08.5   07:05     07.4     00.0    00.2   05.6     17.5    01:22      SW
----------------------------------------------------------------------------------------------------------------------------------------------------------
14.3 (14.9)   27.7  day 15     03.4  day 24   122.2    001.7   022.4   02.3     32.4   day 29     SSW
Min <=   30: 30
Max Rain: 9.0 ON 28-09-16
Days of Rain: 4 (> .2mm) 4 (> 2mm) 0 (> 20mm)